 30?
29
Calculate the remainder when -1*(-60)/10 + 775 is divided by 29.
27
Suppose 8 = 12*d - 8*d. Suppose 4 = -d*g, -4*g = -z - 2*g + 21. Calculate the remainder when (16/6)/(1/18) is divided by z.
14
Let f(q) be the third derivative of q**4/12 - 2*q**3/3 - 4*q**2. Let p be f(2). Suppose -5*v + 25 + 10 = p. What is the remainder when 19 is divided by v?
5
What is the remainder when 3/2 + 1247/58 is divided by 13?
10
Let p = 221 - 1272. Calculate the remainder when (-4 - 152/(-36)) + p/(-9) is divided by 24.
21
Let s be (-1 - 2)/(3/(-28)). Suppose s = t - 11. Calculate the remainder when t is divided by 4/8*46 + -2.
18
Suppose -5*q - 368 = -9*q. Calculate the remainder when q is divided by 12.
8
Let b(c) = c**3 + 6*c**2 + 6*c + 11. Calculate the remainder when 225 is divided by b(-3).
5
Let g = 1054 + -952. What is the remainder when g is divided by 31?
9
Suppose -100*y + 48 = -94*y. Suppose 5*x - y*o + 6*o - 18 = 0, 4*x + 3*o - 19 = 0. What is the remainder when 4 is divided by x?
0
Suppose 2*i + 72 = -5*s, -4*s - 2*i - 2*i = 60. Let q = s - -40. Suppose 0 = 2*v - y - 17, -v + 0*v = -4*y - q. Calculate the remainder when 9 is divided by v.
3
Calculate the remainder when -55*(12/20)/((-3)/21) is divided by 29.
28
Suppose 0 = -174*k + 178*k - 456. What is the remainder when 263 is divided by k?
35
Let r = 28 + -8. What is the remainder when 99 is divided by r?
19
Let v(t) = -4*t**2 + 32*t - 10. Calculate the remainder when v(6) is divided by 14.
10
Suppose -7*g + 5*g - 20 = 0. Let d(y) = -y**3 - 7*y**2 + 20*y - 3. What is the remainder when d(g) is divided by 33?
31
Let n(u) = 2*u**2 - 4*u + 4. Let s be n(2). Suppose s*d = -d + 40. What is the remainder when 10 is divided by d?
2
Let v be 10/(-5) - (2*-1 + 0). Suppose 5*m - 53 - 47 = v. What is the remainder when 75 is divided by m?
15
Let p = -1024 + 1031. Let f = 30 + -4. Calculate the remainder when f is divided by p.
5
Let n(i) = 232*i - 123. What is the remainder when n(10) is divided by 20?
17
Let t(o) = o**3 + 5*o**2 - 3*o + 85. Suppose -4*h = -v - v + 60, -4*h + 28 = 2*v. What is the remainder when v is divided by t(-7)?
6
Calculate the remainder when (-11 + 0)*(-10)/2 is divided by 10 + 1*(-1 - -5).
13
Let q = -49 + 121. Suppose -s + q = 5*s. What is the remainder when 57 is divided by s?
9
Suppose -l + 2 + 1 = 0. Suppose 29 + 7 = j + 4*b, -2*j + 47 = l*b. Let x = j - -40. Calculate the remainder when x is divided by 15.
11
Suppose -3*u = -u - 16. Let g = 109 - 47. What is the remainder when g is divided by (42/(-7))/((-3)/u)?
14
Suppose 5*j + 3*b = -0*b + 19, 0 = 5*j + 4*b - 22. Calculate the remainder when ((-73)/j)/((-3)/6) is divided by 25.
23
Let b(x) = 2*x**3 + x**2 - x + 2. Let q = -18 - -22. What is the remainder when b(q) is divided by 36?
34
Let i(n) = 4 + 3*n - 9*n + n**3 + 4*n**2 + 1. Calculate the remainder when 17 is divided by i(-5).
7
Let n(i) = -i**3 - 5*i**2 - 4*i. Let z be n(-5). Let h = z + 1. Let s = 29 - h. What is the remainder when 19 is divided by s?
3
Suppose -5*i + 35 = 2*z + 3*z, -12 = -4*i. Suppose -3*l = -5*w + 280, -5*w + 232 = -w - z*l. Calculate the remainder when w is divided by 9.
8
Let g(h) = h**3 - 5*h**2 + 5*h. Let r be (-102)/(-27) + (-6)/(-27). Let y be g(r). Suppose -59 + 7 = -y*d. What is the remainder when 51 is divided by d?
12
Let v(g) = -g**2 - 4*g - 3. Let f be v(-3). Suppose f = r - 3*r + 146. What is the remainder when r is divided by 19?
16
Suppose 0 = 3*o - 15, -3*l - 3*o + 178 = 127. Calculate the remainder when 154 is divided by l.
10
Let n(f) = -54*f**3 + 55*f**3 + 1 + 2 - 2 - 2*f + 3*f**2. What is the remainder when n(2) is divided by 4?
1
Suppose 116 = -4*g + 408. What is the remainder when 239 is divided by g?
20
Suppose 7 = -3*v + 67. Suppose -v = 5*x, -r + 3*x - 2*x = -22. Calculate the remainder when 143 is divided by r.
17
Suppose -5*u + 1043 = 2*u. What is the remainder when u is divided by 49?
2
Let o(f) = -3*f**2 + f + 2. Let i be o(2). What is the remainder when (-302)/i + 2/8 is divided by -19 - -31 - (7 + 0) - -5?
8
Suppose -170 = 5*y + 4*n, 5*n + 48 = -3*y - 54. Let p = y + 18. Let a = -9 - p. Calculate the remainder when a is divided by 4.
3
Calculate the remainder when ((-2025)/(-12) + 6)/((-12)/(-32)) is divided by 36.
34
Let v = 1 + -1. Let p be v + (-3)/((-9)/3). What is the remainder when (150/8)/(p/4) is divided by 19?
18
Let m(p) be the third derivative of -11*p**4/12 - p**3/3 - 2*p**2. What is the remainder when m(-2) is divided by 11?
9
Let v(x) = 3*x**2 - 20*x - 6. Let i(w) = -w + 14. Calculate the remainder when v(8) is divided by i(0).
12
Let l(v) = 27*v**2 - 1. Let n be l(1). What is the remainder when 62 is divided by (n/((-6)/(-9)*3))/1?
10
Let n(h) = h**2 + 2*h + 19. Let o be n(0). Suppose -3*l + 5*w + 46 = -6, -2*w - o = -l. What is the remainder when l is divided by ((-2)/4)/(1/(-6))?
0
Let x(s) = 122*s**2 + 6*s. Let y be x(-3). What is the remainder when y/56 + (-2)/7 is divided by 8?
3
Let k(t) = -5*t - 1. Let p be k(1). Let z(m) = 2*m**2 + 12*m + 11. Calculate the remainder when 20 is divided by z(p).
9
Suppose 4*g + g - 25 = -r, 5*g = 3*r - 95. Let p(h) be the second derivative of 8*h**3/3 + h. What is the remainder when r is divided by p(1)?
14
Let p(j) = j + 33. Let m(a) = a + 2. Let t(c) = -2*m(c) + p(c). Calculate the remainder when t(-5) is divided by 18.
16
Let w = -39 + 53. Suppose -3*l - m = -w, -5*l = -5*m - 38 + 8. Calculate the remainder when 19 is divided by l.
4
Let o = -96 - -93. Let b(f) = f + 27. What is the remainder when 115 is divided by b(o)?
19
Let h = -162 - -184. Let x(r) = r**2 - 6*r - 19. Calculate the remainder when h is divided by x(9).
6
Let d = 602 - 489. What is the remainder when d is divided by 30?
23
Let g(h) = h**3 + 37*h**2 - 5*h - 49. What is the remainder when g(-37) is divided by 30?
16
Let l(v) = 10*v**3 - 2*v + 3. Suppose 164 = 2*m - 3*z - 233, -m = 2*z - 181. Suppose -m = -5*y - 56. Calculate the remainder when l(2) is divided by y.
25
Suppose 6 = -4*b - 14. Suppose 0 = -2*r + h + 440, 0*r - 2*h = 4*r - 896. What is the remainder when b/(-10)*r/3 is divided by 20?
17
Let r = 1 + -7. Let y be r + 7 + 2 + 1. Suppose -y*q = -6 - 114. Calculate the remainder when q is divided by 8.
6
Calculate the remainder when 145/3 - (-25)/15 is divided by 27.
23
Suppose 3*l - 407 = -10*q + 12*q, l + q = 134. Calculate the remainder when l is divided by 35.
30
Suppose -2*g = -h - 30, 5*g + 2*h - 75 = -0*h. Let u = 7 + 0. Suppose 2*c + u = 5*t, -3*c = -4*t + t - 12. What is the remainder when g is divided by c?
6
Let u(t) = 6*t + 8. Suppose -2*b + 16*b = 182. Calculate the remainder when u(7) is divided by b.
11
Let g(z) = -21 - 85*z**2 + 13*z + 2 + 84*z**2. What is the remainder when 31 is divided by g(9)?
14
Suppose 2*u - 4*c + 33 = -c, -41 = 4*u - c. Suppose -78 = -v - 2*v. Calculate the remainder when (1 - -2) + (u - -109) is divided by v.
25
Let p be 2 + -1 - 9/(-3). Suppose p*i = 3*i + 114. Suppose 2*v - y = 113, 3*v - i = v + 2*y. Calculate the remainder when v is divided by 29.
27
What is the remainder when (168*3/9)/((-2)/(-4)) is divided by 41?
30
Suppose -s + 19 = 3*w, -4*s - 5*w + 40 = -2*w. Let j(y) = 30*y + 1. Calculate the remainder when j(2) is divided by s.
5
Suppose 3*k = 2*k + 3. Suppose 2*l - k*l + 6 = 0. Calculate the remainder when (12 - 13)*(-12 + -5) is divided by l.
5
Let b be (15/9)/((-5)/15). Let c(f) = -f**3 - 4*f**2 + 5*f + 12. What is the remainder when 32 is divided by c(b)?
8
Let k(y) = y**2 + 15*y + 2. Let b be k(-10). Let s = 135 + b. Calculate the remainder when s is divided by 31.
25
Suppose 22 = f + 13. Let n = f - 3. Calculate the remainder when 32 is divided by n.
2
Let c(z) = -21*z - 29. Calculate the remainder when c(-7) is divided by 41.
36
Let d be 19/(19/(-30))*-1. Suppose -37*f = -d*f - 91. What is the remainder when 61 is divided by f?
9
Let z(c) = -9*c**2 + 2*c - 5. Let b be z(-2). Let a = b - -48. Calculate the remainder when 28 is divided by a.
1
Let x be 2/(-8) - (-2320)/64. Let t = 0 + -20. Let o = t + x. What is the remainder when o is divided by 9?
7
Suppose 16 + 12 = j. Calculate the remainder when 362 is divided by j.
26
Calculate the remainder when 30 is divided by 25 - (-13 + -5)*6/(-27).
9
Suppose -5*l + 4*j = j